he remainder when y is divided by 10?
8
Let l(o) = -15*o + 4. Let x(p) = -16*p + 5. Let z(y) = 4*l(y) - 3*x(y). Calculate the remainder when z(-8) is divided by 25.
22
Let o = -4 + 6. Suppose -o*z - 2*b = -0*z - 74, -2*b = 5*z - 179. Suppose 0*j - z = -2*a - 3*j, 5*a - 135 = 2*j. Calculate the remainder when a is divided by 9.
7
Let u be (6 - 0)*3/2. Calculate the remainder when ((-9)/2)/(u/(-24)) is divided by 7.
5
Let a(o) = 10*o + 22. What is the remainder when 83 is divided by a(0)?
17
Let l be ((-2)/4)/(8/(-256)). Suppose 0 = 5*f - 54 - l. Suppose -2*x = 4*m - 154, m + 46 = 2*m - x. What is the remainder when m is divided by f?
13
Suppose -4*k - m - m + 228 = 0, -2*m + 57 = k. What is the remainder when k is divided by 15?
12
Suppose 18 = -4*y + 66. Let x(k) be the first derivative of -3*k**2/2 - 14*k + 3. What is the remainder when x(-12) is divided by y?
10
Let y(d) = d**2 + 9*d + 8. Let m be y(-8). Suppose m = -2*h - 3*h + 20. Calculate the remainder when (-4)/(-12) + (-34)/(-6) is divided by h.
2
Let j be (-8)/(4/8*-4). Suppose -j*u + 3*z + 30 = -40, -62 = -4*u - z. What is the remainder when u is divided by (-1 - -1) + (1 - -5)?
4
Let z = 99 - 28. Calculate the remainder when z is divided by 12.
11
Calculate the remainder when 59 is divided by (4 + (-2)/(-4))*20/3.
29
Suppose 4*h = -4, -5*h = -2*y + 11 + 46. Suppose i - 5*b - 65 = 0, 2*b + 0*b = 4. Calculate the remainder when i is divided by y.
23
Let q(n) = n**2 + 4*n. Let j be q(-5). Let p = j + 4. What is the remainder when p is divided by 4?
1
Suppose -5*k = -103 + 3. Suppose -8*h = -13*h + k. Suppose h*u + 3*f = 3, 5*u - f - 2*f = 24. Calculate the remainder when 6 is divided by u.
0
Suppose 0 = -7*p + 2*p + 60. Let i = -54 + 76. Calculate the remainder when i is divided by p.
10
Suppose -5*h + h + u + 49 = 0, -u = -h + 10. What is the remainder when 31 is divided by h?
5
Let q = 19 + -6. Suppose -97 = -4*f - 2*o + 47, 0 = -5*o - 10. What is the remainder when f is divided by q?
11
Suppose 3*h = -5*n - 13, 0 = n + 3*h - 7. Let q = -7 + 17. What is the remainder when n*(-6 + 1) - -3 is divided by q?
8
Suppose 0 = r - 0*r - 5. Let b = -6 + 9. Calculate the remainder when b is divided by (-4)/r*15/(-6).
1
Suppose 6*d = 9*d - 183. Let w = -23 - -39. Calculate the remainder when d is divided by w.
13
Suppose -3*g + 31 = -4*t, 4*g - 2*t + 0*t - 28 = 0. Suppose 0 = 6*r + 28 - 76. What is the remainder when r is divided by g?
3
Calculate the remainder when 9 is divided by (5 - -3) + (-2 - 1).
4
Suppose 3*v + 9 = 0, -5*n - 2*v = v - 1. Let d(g) = 4*g**2 + g. Let q(o) = o**2 - 4*o + 5. What is the remainder when d(n) is divided by q(5)?
8
Let z(h) = 5*h - 4. Suppose j - 62 = -2*f, 4*f + 4*j + 63 = 183. Calculate the remainder when f is divided by z(3).
10
Suppose 0 = -4*y - k + 846, 0*y + 2*k - 1056 = -5*y. Suppose -y = -4*z - 0*z. Calculate the remainder when z is divided by 18.
17
Let h(r) = -2*r**3 + r - 2. What is the remainder when h(-3) is divided by 13?
10
Let l(r) = r**2 + 7*r + 4. Let o be l(-7). Suppose -v - 64 = -3*t + 6, o*v + 4 = 0. What is the remainder when t is divided by 12?
11
Let r = -133 - -182. Calculate the remainder when r is divided by (-2)/6 + 80/6.
10
Let g be ((-2)/3)/((-14)/189). Let w(s) = -s - 4. Let h be w(-6). Suppose m = -h + g. What is the remainder when 12 is divided by m?
5
Let i be (2 - 11/4)*-4. Suppose f = i*f - 34. Calculate the remainder when 49 is divided by f.
15
Let n(i) = -4 + i**3 - 1 + 2 + 3*i**2 - 4*i. What is the remainder when n(-3) is divided by 4?
1
Let t = -1 - -1. Suppose 20 = 4*i - t. Let b(l) = l - 7. Calculate the remainder when b(16) is divided by i.
4
Let z(u) = -u**2 - 6*u + 9. Let a be z(-7). Calculate the remainder when (1/(-2))/(a/(-44)) is divided by 6.
5
Let f = -1 + 3. Let z(c) = 11*c**2 - c. Let t be z(f). Suppose 0 = -3*u - 0 + t. Calculate the remainder when 40 is divided by u.
12
Let u(m) = -15*m - 2. Let a = 3 + 0. Suppose a*h = -4 - 5. Calculate the remainder when u(h) is divided by 15.
13
Suppose c + 4*w - 12 = 0, -3*c - 5*w = -3 - 12. Suppose z - 8 - 2 = c. Calculate the remainder when 0/2*-1 - -39 is divided by z.
9
Suppose 0 = o + 5*o - 72. Calculate the remainder when o is divided by 7.
5
What is the remainder when 11 is divided by -4*(-1 - 3/(-12))?
2
Suppose 5 + 14 = v. Calculate the remainder when 74 is divided by v.
17
Let m(i) = -6*i**3 + 2*i**2 + 4*i + 2. What is the remainder when m(-2) is divided by (-27)/(-2) - (-1)/(-2)?
11
Let r = 8 - -4. Let o(d) = -d + 6. Let v be o(4). Let i(z) = 12*z - 1. Calculate the remainder when i(v) is divided by r.
11
Let s(c) = -53*c + 3. What is the remainder when s(-4) is divided by 31?
29
Let k(d) = -d**3 + 8*d**2 - 7*d - 6. Calculate the remainder when 69 is divided by k(6).
21
Let q(v) = -v**3 + 6*v**2 + 4*v - 13. What is the remainder when 27 is divided by q(6)?
5
Let r(c) = -c + 13. Suppose 0 = -2*k + 2*q + 2 + 6, 3*k - 14 = 2*q. What is the remainder when 11 is divided by r(k)?
4
Let q = 3 + -2. Let r(y) = 4*y**3 + y**2 - 2*y + 1. Let m be r(q). Suppose -m*p + 18 = -2. What is the remainder when 12 is divided by p?
2
Let d be ((-2)/2)/(5/55). Let z = d + 23. Calculate the remainder when 23 is divided by z.
11
Calculate the remainder when (4 - 0)/2 - -29 is divided by 8.
7
Let j(d) = -d**3 - 3*d**2 + 2*d + 4. Let z(a) = 20*a - 5. Let q(h) = 7*h - 2. Let y(m) = -17*q(m) + 6*z(m). What is the remainder when j(-4) is divided by y(3)?
5
Let d(b) = -b**2 - 8*b - 2. Suppose 18 + 12 = -5*m. Calculate the remainder when 28 is divided by d(m).
8
Suppose 47 = 4*h - w, -1 = -2*h + 4*w + w. What is the remainder when 50 is divided by h?
11
Let o = 3 - -3. Suppose -2*q + 6*q + 4*y = 0, 3*y + o = 0. What is the remainder when 3 is divided by q?
1
Suppose 55 + 9 = 4*v. Calculate the remainder when ((-4)/6)/((-4456)/(-744) + -6) is divided by v.
14
Let q(y) = 6*y**2 + 3*y + 1. What is the remainder when 55 is divided by q(-2)?
17
Suppose 8*i = 9*i - 4*r - 8, 0 = -4*i - 3*r + 32. Calculate the remainder when 32 is divided by i.
0
Let r be (-32)/(-12) + 4/(-6). What is the remainder when ((-7)/(-14))/(r/84) is divided by 8?
5
Suppose -3*u - 15 = 0, 188 = 4*v + 3*u - 229. Calculate the remainder when v is divided by 37.
34
What is the remainder when (53/4)/(3 - 66/24) is divided by 18?
17
Let o(x) = x + 9. Let j(m) = -8*m. Let l be j(1). Suppose -3*f - 3*b + 11 = -2*b, 0 = 3*f + 3*b - 21. Calculate the remainder when f is divided by o(l).
0
Let t(n) = 2*n**2 + 3*n + 3. Let s be t(-2). Let u(b) = b**3 + 7*b**2 - 9*b - 4. Calculate the remainder when u(-8) is divided by 4 + (-2 + s)/(-3).
1
Let u(x) = x**2 + 5*x - 3. Let d be u(-6). Suppose d*g = 7 + 20. Calculate the remainder when 32 is divided by g.
5
Let f(x) = 0*x + 3*x + 15 + 0*x - 1. Calculate the remainder when f(12) is divided by 26.
24
Let l = -58 + 81. Let o be 6/9 + (-91)/(-3). Suppose 4*r + 3*u + 5 = o, -u = 2. Calculate the remainder when l is divided by r.
7
Suppose -4*j + 318 = -j. Suppose -8*s + 236 = 20. What is the remainder when j is divided by s?
25
Suppose 0 = 2*x + 4*t - 34, -4*x + t = -t - 108. What is the remainder when 74 is divided by x?
24
Suppose -2*k = -29 + 9. Suppose -7*p + k = -2*p. What is the remainder when p is divided by 1?
0
Let g = 367 - 194. Let p = g - 115. Suppose -o + 3 = -p. Calculate the remainder when o is divided by 21.
19
Let n(t) = 13*t**2 + 3. What is the remainder when n(2) is divided by 12?
7
Suppose 0 = 5*k + 3*n - 29 - 31, -2*k + 20 = 2*n. What is the remainder when k is divided by 8?
7
Calculate the remainder when 65 - -2 - (3 + -1) is divided by 17.
14
Let v(y) = -y + 3. Suppose 27 + 1 = 5*t - 2*q, 0 = 2*t - q - 11. Let b = 3 - t. Calculate the remainder when v(b) is divided by 4.
2
Let h(p) = 2*p. Let q be h(3). Suppose -q*t + 70 = -t. What is the remainder when ((-32)/6 + 1)*-6 is divided by t?
12
Let o(r) = 19*r**2 - r - 1. Calculate the remainder when o(-1) is divided by 4 - (2 - (-2 - -7)).
5
Suppose -2*p + 160 = 5*g, 65 = 2*g - 0*g + p. Calculate the remainder when 57 is divided by g.
27
Suppose 2*l - 20 = -3*l. Calculate the remainder when 7 is divided by l.
3
Suppose -805 = -10*p + 5*p. What is the remainder when p is divided by 41?
38
Let j(s) = s**3 - s**2 + s - 1. C